0 is divided by 8481.
7237
Calculate the remainder when 139623 is divided by 4661.
4454
Calculate the remainder when 88730 is divided by 5180.
670
Calculate the remainder when 39245182 is divided by 6194.
6192
Calculate the remainder when 43180906 is divided by 14393630.
16
Calculate the remainder when 730229 is divided by 201.
197
What is the remainder when 1405448 is divided by 11613?
275
What is the remainder when 547472 is divided by 109150?
1722
Calculate the remainder when 394097 is divided by 628.
341
Calculate the remainder when 24974 is divided by 54.
26
What is the remainder when 8904001 is divided by 110?
51
Calculate the remainder when 83104643 is divided by 3727.
3724
Calculate the remainder when 23491 is divided by 679.
405
What is the remainder when 409159204 is divided by 5035?
5034
What is the remainder when 2773729 is divided by 4314?
4141
Calculate the remainder when 5393216 is divided by 1797732.
20
What is the remainder when 150500705 is divided by 75250344?
17
Calculate the remainder when 625791 is divided by 128.
127
What is the remainder when 535498 is divided by 535415?
83
Calculate the remainder when 26408 is divided by 776.
24
Calculate the remainder when 5216 is divided by 36.
32
What is the remainder when 620201 is divided by 1168?
1161
Calculate the remainder when 163003 is divided by 40746.
19
What is the remainder when 23816847 is divided by 770?
747
Calculate the remainder when 577754 is divided by 75.
29
What is the remainder when 94309 is divided by 159?
22
Calculate the remainder when 537075 is divided by 1553.
1290
Calculate the remainder when 2138185 is divided by 243.
28
Calculate the remainder when 161889278 is divided by 7.
5
Calculate the remainder when 28987621 is divided by 14767.
0
Calculate the remainder when 9857097 is divided by 1501.
30
Calculate the remainder when 151787 is divided by 3221.
400
Calculate the remainder when 67647038 is divided by 193831.
19
What is the remainder when 236332 is divided by 2658?
2428
Calculate the remainder when 64258 is divided by 10522.
1126
Calculate the remainder when 368006 is divided by 14024.
3382
What is the remainder when 2920803 is divided by 20569?
5
What is the remainder when 149707 is divided by 7023?
2224
What is the remainder when 1821999 is divided by 607332?
3
Calculate the remainder when 4933195 is divided by 41.
34
What is the remainder when 8434087 is divided by 1266?
1261
Calculate the remainder when 2407606 is divided by 24567.
40
What is the remainder when 252726 is divided by 84176?
198
Calculate the remainder when 5045686 is divided by 7475.
61
What is the remainder when 2427969 is divided by 251?
46
Calculate the remainder when 16937845 is divided by 553.
8
Calculate the remainder when 6986 is divided by 3279.
428
What is the remainder when 16742278 is divided by 1972?
1970
Calculate the remainder when 3084935 is divided by 12.
11
What is the remainder when 88140468 is divided by 56?
52
What is the remainder when 23370 is divided by 283?
164
Calculate the remainder when 7553196 is divided by 107.
66
Calculate the remainder when 7068664 is divided by 406.
204
Calculate the remainder when 12760821 is divided by 2140.
1
What is the remainder when 1806315 is divided by 1805965?
350
Calculate the remainder when 440618 is divided by 36716.
26
Calculate the remainder when 44656 is divided by 81.
25
Calculate the remainder when 156796 is divided by 13004.
748
What is the remainder when 927516 is divided by 16557?
324
What is the remainder when 297111 is divided by 1580?
71
What is the remainder when 283538 is divided by 140939?
1660
Calculate the remainder when 2250204 is divided by 391.
390
What is the remainder when 112980 is divided by 1853?
1800
Calculate the remainder when 2315062 is divided by 15.
7
Calculate the remainder when 296976810 is divided by 71.
69
Calculate the remainder when 43021 is divided by 1780.
301
What is the remainder when 262735508 is divided by 52?
48
Calculate the remainder when 196722041 is divided by 7.
5
Calculate the remainder when 86649 is divided by 27609.
3822
Calculate the remainder when 106878323 is divided by 6679895.
3
What is the remainder when 504021 is divided by 18?
3
Calculate the remainder when 39426 is divided by 39373.
53
Calculate the remainder when 14430413 is divided by 6180.
113
Calculate the remainder when 2529024 is divided by 2773.
48
Calculate the remainder when 30933 is divided by 2403.
2097
Calculate the remainder when 236417 is divided by 10.
7
What is the remainder when 2212627 is divided by 56?
11
What is the remainder when 45254 is divided by 2359?
433
Calculate the remainder when 1090147 is divided by 7677.
13
Calculate the remainder when 3610519 is divided by 50852.
27
What is the remainder when 303249 is divided by 2152?
1969
What is the remainder when 10276905 is divided by 34?
31
What is the remainder when 3665800 is divided by 407310?
10
What is the remainder when 92567 is divided by 11303?
2143
Calculate the remainder when 17131740 is divided by 4713.
4698
What is the remainder when 45377952 is divided by 54?
24
Calculate the remainder when 4828 is divided by 2260.
308
What is the remainder when 121403 is divided by 1888?
571
Calculate the remainder when 58164 is divided by 14468.
292
What is the remainder when 10233201 is divided by 54723?
0
Calculate the remainder when 119514 is divided by 2841.
192
Calculate the remainder when 295087 is divided by 153.
103
Calculate the remainder when 509586 is divided by 1782.
1716
What is the remainder when 221807 is divided by 731?
314
Calculate the remainder when 71099 is divided by 69720.
1379
What is the remainder when 30726070 is divided by 6?
4
What is the remainder when 69262 is divided by 396?
358
Calculate the remainder when 5302065 is divided by 1060409.
20
Calculate the remainder when 2143558 is divided by 3000.
1558
Calculate the remainder when 56042138 is divided by 16.
10
What is the remainder when 48828566 is divided by 26?
20
What is the remainder when 8402647 is divided by 619?
341
What is the remainder when 111079 is divided by 681?
76
What is the remainder when 275033267 is divided by 1643?
1639
What is the remainder when 7418 is divided by 5691?
1727
What is the remainder when 50420716 is divided by 513?
511
What is the remainder when 155244 is divided by 207?
201
Calculate the remainder when 389406 is divided by 1997.
1988
Calculate the remainder when 11273633 is divided by 85.
83
What is the remainder when 899279 is divided by 199?
197
What is the remainder when 37910907 is divided by 49?
48
What is the remainder when 3056971 is divided by 184?
179
What is the remainder when 706266 is divided by 6141?
51
What is the remainder when 5894123 is divided by 54074?
57
Calculate the remainder when 51908 is divided by 5586.
1634
Calculate the remainder when 6495184 is divided by 406.
402
Calculate the remainder when 825650825 is divided by 6149.
6148
Calculate the remainder when 124323341 is divided by 11.
10
Calculate the remainder when 253499 is divided by 17.
12
What is the remainder when 6632011 is divided by 463?
462
What is the remainder when 12538904 is divided by 119?
112
Calculate the remainder when 521070 is divided by 535.
515
Calculate the remainder when 30754 is divided by 30144.
610
What is the remainder when 10614841 is divided by 2653688?
89
Calculate the remainder when 12149870 is divided by 664.
662
What is the remainder when 379861 is divided by 2601?
115
Calculate the remainder when 89535 is divided by 88995.
540
What is the remainder when 495045 is divided by 99?
45
Calculate the remainder when 1435340 is divided by 27.
20
What is the remainder when 1456339 is divided by 1761?
1753
Calculate the remainder when 13766620 is divided by 9.
4
Calculate the remainder when 529779 is divided by 21190.
29
What is the remainder when 59247 is divided by 9036?
5031
What is the remainder when 65656 is divided by 304?
296
What is the remainder when 843615 is divided by 9184?
7871
Calculate the remainder when 775165 is divided by 155026.
35
What is the remainder when 193333 is divided by 47306?
4109
Calculate the remainder when 3341892 is divided by 1290.
792
What is the remainder when 89446 is divided by 387?
49
Ca